{"id":228,"date":"2015-11-09T01:50:26","date_gmt":"2015-11-09T00:50:26","guid":{"rendered":"https:\/\/matsvederhus.wordpress.com\/?page_id=228"},"modified":"2021-02-02T21:54:02","modified_gmt":"2021-02-02T20:54:02","slug":"the-reflective-painter","status":"publish","type":"page","link":"http:\/\/matsvederhus.com\/no\/the-reflective-painter\/","title":{"rendered":"Den tenkende maleren"},"content":{"rendered":"\n<div class=\"wp-block-image\"><figure class=\"aligncenter size-large\"><img loading=\"lazy\" decoding=\"async\" width=\"1024\" height=\"683\" src=\"http:\/\/matsvederhus.com\/wp-content\/uploads\/2015\/11\/vebjorn_7-1024x683.jpg\" alt=\"Vebj\u00f8rn Sand, showing off a painting.\" class=\"wp-image-231\" srcset=\"http:\/\/matsvederhus.com\/wp-content\/uploads\/2015\/11\/vebjorn_7-1024x683.jpg 1024w, http:\/\/matsvederhus.com\/wp-content\/uploads\/2015\/11\/vebjorn_7-300x200.jpg 300w, http:\/\/matsvederhus.com\/wp-content\/uploads\/2015\/11\/vebjorn_7-768x512.jpg 768w, http:\/\/matsvederhus.com\/wp-content\/uploads\/2015\/11\/vebjorn_7-1200x800.jpg 1200w\" sizes=\"auto, (max-width: 1024px) 100vw, 1024px\" \/><figcaption>Vebj\u00f8rn Sand, showing off a painting. Photo by Trym Gulla Dyrnes<\/figcaption><\/figure><\/div>\n\n\n\n<p><strong>Maleren Vebj\u00f8rn Sand er aktuell med utstillingen \u00abIndividets valg,\u00bb og fors\u00f8ker \u00e5 forst\u00e5 hvorfor ting ble som de ble under andre verdenskrig.<\/strong><\/p>\n\n\n\n<p>\u2013 Jeg er jo egentlig en figurativ maler. Kropp og anatomi, det er det som er mitt fag. Men mange av bildene i denne utstillingen er s\u00e5 store og tunge at jeg har m\u00e5ttet ta med noen andre typer bilder slik at man skal f\u00e5 puste litt, forklarer han.<\/p>\n\n\n\n<p>Han sp\u00f8r om jeg har h\u00f8rt om Helge Ingstad.<\/p>\n\n\n\n<p>\u2013Det er et portrett av ham, sier han og peker p\u00e5 et stort bilde av en eldre mann bak seg.<\/p>\n\n\n\n<p>\u2013Han var den som fant ut at vikingene oppdaget Amerika femhundre \u00e5r f\u00f8r Colombus.<\/p>\n\n\n\n<h2 class=\"wp-block-heading\">Himmel og helvete<\/h2>\n\n\n\n<p>Sand er seg veldig bevisst sitt forhold til malerkunsten.<\/p>\n\n\n\n<p>\u2013 Henrik Ibsen skrev at det \u00e5 dikte er \u00e5 ta opp kampen mot trollet i hjertet og hjernens hvelv. Det kan ogs\u00e5 malerkunsten gj\u00f8re. Som Edvard Munch sa; \u00abmed pensel og palett kan man reise til himmel og helvete.\u00bb Jeg vil si at etter musikken er maleriet det mest komplekse og rikeste, den mest nyanserte m\u00e5ten \u00e5 kommunisere p\u00e5 som menneske. At musikken kan ta oss til et annet sted og gripe oss f\u00f8lelsesmessig p\u00e5&#8230;<\/p>\n\n\n\n<p>Han knipser med fingrene.<\/p>\n\n\n\n<p>\u2013 &#8230; veldig kort tid. Det kan maleriet ogs\u00e5. Det er en ekstremt h\u00f8yverdig, subtil m\u00e5te \u00e5 kommunisere p\u00e5 som menneske. Derfor kan jeg komme inn i rom i sjelen og psyken som bare musikken kan.<\/p>\n\n\n\n<p>Han stopper opp, tenker seg om et \u00f8yeblikk.<\/p>\n\n\n\n<p>\u2013 Og ogs\u00e5 litteraturen og alle andre kunstformer, selvf\u00f8lgelig, men filmen er et m\u00f8te mellom alle andre kunstformer, s\u00e5 den kommer veldig, veldig langt inn. Men alts\u00e5, maleriet har en evne til \u00e5 formidle sanselighet som f\u00e5 andre kunstarter har.<\/p>\n\n\n\n<p>Han sitter p\u00e5 loftet p\u00e5 Kristiansten Festning. Her forteller han engasjert om den tyske soldaten&nbsp;<a href=\"https:\/\/no.wikipedia.org\/wiki\/Josef_Schulz-myten\" target=\"_blank\" rel=\"noreferrer noopener\">Josef Schultz<\/a>, som angivelig ofret livet sitt fordi han nektet \u00e5 drepe gisler. Schultz er en sentral inspirasjonskilde i malerens siste utstilling.<\/p>\n\n\n\n<p>\u2013 Jeg har tenkt p\u00e5 hvilke idealer som levde i menneskene jeg har portrettert. Hvis du skal g\u00e5 i d\u00f8den for noe, hvilke idealer er det dere skulle kunne g\u00e5 i d\u00f8den for? Du er jo et ungt menneske og har hele livet foran deg. Hvis ett eller annet skjedde, og du var villig til \u00e5 ofre livet \u2013 da skal det v\u00e6re ganske store idealer. Hva slags idealer var det som levde inne i hodet p\u00e5 disse unge menneskene i Tyskland? Eller i Europa? Eller her hjemme i Norge? Da vi var okkupert fra f\u00f8rti til f\u00f8rtifem, hva var det vi hadde \u00e5 stille opp med? Unge mennesker som deg ble skutt rett her nede, sier han og peker ut av vinduet p\u00e5 Kristiansten Festning. Hvorfor ble de skutt, hva var det de ville kjempe for? Vet du det?<\/p>\n\n\n\n<p>\u2013 Frihet, svarer jeg litt usikkert.<\/p>\n\n\n\n<h2 class=\"wp-block-heading\">Frihet<\/h2>\n\n\n\n<p>Friheten er noe som betyr mye for Sand. Han sier tanken om det frie mennesket kommer fra grekerne.<\/p>\n\n\n\n<p>\u2013 Pave Benedict holdt en ber\u00f8mt tale i Berlin i 2011 hvor han minnet nettopp om de tankene som har formet oss som frie, vestlige mennesker. V\u00e5r identitet er formet ut fra tre byer, sa han. Vet dere hvilke byer det er? Den kommer fra Athen, Jerusalem og Roma. Fra Athen har vi f\u00e5tt ideen om demokratiet og den frie filosofien. Fra Jerusalem har vi f\u00e5tt kj\u00e6rlighetsetikken til Jesus, som er helt revolusjonerende. At alle mennesker er like mye verdt, uansett rase, kj\u00f8nn eller klasse er suveren humanistisk tankegang. Fra Roma kommer romerretten, alts\u00e5 prinsippene rundt den moderne rettsstaten. Disse impulsene har gjort at vi for et par \u00e5r siden kunne feire hundre\u00e5rsjubileum for grunnloven av 1814.<\/p>\n\n\n\n<p>Sand er engasjert, snakker uten pustepause og gestikulerer heftig.<\/p>\n\n\n\n<p>\u2013 Andre verdenskrig var en arena hvor alle disse kreftene fikk utspille seg p\u00e5 en helt ufattelig m\u00e5te, p\u00e5 en skala med konsekvenser for hvordan vi skulle forst\u00e5 mennesket, politikk, psykologi, legevitenskap. P\u00e5 mange m\u00e5ter ble mennesket funnet opp p\u00e5 nytt. Det \u00e5 kunne reise inn i dette store feltet, \u00e5 fors\u00f8ke \u00e5 forst\u00e5 hvordan den vestlige kulturen kunne kollapse s\u00e5 fullstendig midt i Europa, et Europa som hadde f\u00f8dt Goethe og Johan Sebastian Bach, det er sp\u00f8rsm\u00e5l som all kunst og litteratur hele tiden jobber med. Hvert \u00e5r kommer det store titler om andre verdenskrig. Men det er s\u00e5 \u00e5 si ikke tatt i av malere. Og det er rart.<\/p>\n\n\n\n<h2 class=\"wp-block-heading\">Nunataker<\/h2>\n\n\n\n<p>Sand tar meg med ned i f\u00f8rste etasje. N\u00e5r han g\u00e5r der nede blant bildene er han overalt, hele tiden.<\/p>\n\n\n\n<p>\u2013 Her er et bide fra Antarktis. Det er en fjelltopp som skyter opp av isen, sier han.<\/p>\n\n\n\n<p>Han er i andre enden av rommet n\u00e5, og peker p\u00e5 et stort maleri av fjell som ser ut til \u00e5 g\u00e5 inn i hverandre, som om det er flere fjell inne i fjell.<\/p>\n\n\n\n<p>\u2013 Dette fjellet har v\u00e6rt veldig viktig for meg, og jeg har utviklet flere prosjekter basert p\u00e5 det. Her st\u00e5r jeg alts\u00e5 i Antarktis og maler. Dette fenomenet kalles nunataker. Da jeg kom tilbake til Norge samarbeidet jeg med de som laget \u00e5pningsseremonien p\u00e5 Lillehammer under OL i 1994. Vi satte opp ti nunataker bak Frognerseteren i Oslo, og inne i dem stilte jeg ut malerier fra mine tre turer til Antarktis. S\u00e5 fikk jeg hundre og sytti tusen mennesker opp for \u00e5 se p\u00e5 dem. Jeg har ogs\u00e5 laget Keplerstjernen p\u00e5 Gardermoen som best\u00e5r av tjue slike topper, hvor slottet jeg satte opp under OL har blitt til et t\u00e5rn, sier han stolt.<\/p>\n\n\n\n<p>Sand er, naturlig nok, ogs\u00e5 opptatt av geometri.<\/p>\n\n\n\n<p>\u2013 De tjue pyramidet\u00e5rnene kommer ut av et s\u00e5kalt ikos og eder. Dette g\u00e5r tilbake til antikken. Platon beskriver de fem platonske legemene, som sjelen skal ta opp i seg for \u00e5 heve til sannhet. Stjernen p\u00e5 Gardermoen er alts\u00e5 ikke en hvilken som helst stjerne, det er en Keplerstjerne, for&nbsp;<a href=\"https:\/\/no.wikipedia.org\/wiki\/Johannes_Kepler\" target=\"_blank\" rel=\"noreferrer noopener\">Kepler<\/a>&nbsp;fors\u00f8kte jo \u00e5 finne det sjette legemet til Platon, alts\u00e5 finne ut om det fantes ett til. Istedet fant han stjernen, sier han.<\/p>\n\n\n\n<p>Som tidligere kunststudent er Sand opptatt av og engasjert i studenter, og vil veldig gjerne at studenter skal komme og se p\u00e5&nbsp;<a href=\"http:\/\/dusken.no\/artikkel\/25444\/champagne-pa-festningen\/\" target=\"_blank\" rel=\"noreferrer noopener\">utstillingen<\/a>.<\/p>\n\n\n\n<p>\u2013 F\u00f8rste gang jeg hadde samlet opp penger til interrailbillett var jeg seksten \u00e5r gammel, og da reiste jeg nedover i Europa for \u00e5 se billedkunst. Jeg ville se&nbsp;<a href=\"https:\/\/no.wikipedia.org\/wiki\/Michelangelo\" target=\"_blank\" rel=\"noreferrer noopener\">Michelangelo<\/a>,&nbsp;<a href=\"https:\/\/no.wikipedia.org\/wiki\/Rafael\" target=\"_blank\" rel=\"noreferrer noopener\">Rafael<\/a>, og&nbsp;<a href=\"https:\/\/en.wikipedia.org\/wiki\/Peter_Paul_Rubens\" target=\"_blank\" rel=\"noreferrer noopener\">Rubens<\/a>&nbsp;\u00ablive\u00bb. Det \u00e5 komme og se p\u00e5 penselstr\u00f8kene, for s\u00e5 \u00e5 kunne ta skritt tilbake&#8230; billedkunst er jo noe som skal ses p\u00e5 veldig sakte. Moderne mennesker ser jo tusener, millioner av bilder hver dag, for eksempel p\u00e5 nettet. De fleste er bilder som er laget veldig fort og som forsvinner veldig fort. Men de bildene dere ser rundt dere her er bilder som er laget veldig sakte, og noen av dem har tatt opp til \u00e5r \u00e5 lage. De skal man ta inn veldig sakte. Derfor kommuniserer kunst og maleri p\u00e5 en helt annen m\u00e5te enn andre typer bilder, avslutter han.<\/p>\n","protected":false},"excerpt":{"rendered":"<p>Maleren Vebj\u00f8rn Sand er aktuell med utstillingen \u00abIndividets valg,\u00bb og fors\u00f8ker \u00e5 forst\u00e5 hvorfor ting ble som de ble under andre verdenskrig. \u2013 Jeg er&#8230;<\/p>\n<div class=\"more-link-wrapper\"><a class=\"more-link\" href=\"http:\/\/matsvederhus.com\/no\/the-reflective-painter\/\">Continue reading<span class=\"screen-reader-text\">Den tenkende maleren<\/span><\/a><\/div>\n","protected":false},"author":1,"featured_media":0,"parent":0,"menu_order":0,"comment_status":"open","ping_status":"open","template":"","meta":{"footnotes":""},"class_list":["post-228","page","type-page","status-publish","hentry","entry"],"translation":{"provider":"WPGlobus","version":"3.0.0","language":"no","enabled_languages":["en","ru","no"],"languages":{"en":{"title":true,"content":true,"excerpt":false},"ru":{"title":false,"content":false,"excerpt":false},"no":{"title":true,"content":true,"excerpt":false}}},"_links":{"self":[{"href":"http:\/\/matsvederhus.com\/no\/wp-json\/wp\/v2\/pages\/228","targetHints":{"allow":["GET"]}}],"collection":[{"href":"http:\/\/matsvederhus.com\/no\/wp-json\/wp\/v2\/pages"}],"about":[{"href":"http:\/\/matsvederhus.com\/no\/wp-json\/wp\/v2\/types\/page"}],"author":[{"embeddable":true,"href":"http:\/\/matsvederhus.com\/no\/wp-json\/wp\/v2\/users\/1"}],"replies":[{"embeddable":true,"href":"http:\/\/matsvederhus.com\/no\/wp-json\/wp\/v2\/comments?post=228"}],"version-history":[{"count":3,"href":"http:\/\/matsvederhus.com\/no\/wp-json\/wp\/v2\/pages\/228\/revisions"}],"predecessor-version":[{"id":1333,"href":"http:\/\/matsvederhus.com\/no\/wp-json\/wp\/v2\/pages\/228\/revisions\/1333"}],"wp:attachment":[{"href":"http:\/\/matsvederhus.com\/no\/wp-json\/wp\/v2\/media?parent=228"}],"curies":[{"name":"wp","href":"https:\/\/api.w.org\/{rel}","templated":true}]}}

<div class="wp-block-image"><figure class="aligncenter size-large"><img loading="lazy" decoding="async" width="1024" height="683" src="http://matsvederhus.com/wp-content/uploads/2015/11/vebjorn_7-1024x683.jpg" alt="Vebjørn Sand, showing off a painting." class="wp-image-231" srcset="http://matsvederhus.com/wp-content/uploads/2015/11/vebjorn_7-1024x683.jpg 1024w, http://matsvederhus.com/wp-content/uploads/2015/11/vebjorn_7-300x200.jpg 300w, http://matsvederhus.com/wp-content/uploads/2015/11/vebjorn_7-768x512.jpg 768w, http://matsvederhus.com/wp-content/uploads/2015/11/vebjorn_7-1200x800.jpg 1200w" sizes="auto, (max-width: 1024px) 100vw, 1024px" /><figcaption>Vebjørn Sand, showing off a painting. Photo by Trym Gulla Dyrnes</figcaption></figure></div>



<p><strong>Maleren Vebjørn Sand er aktuell med utstillingen «Individets valg,» og forsøker å forstå hvorfor ting ble som de ble under andre verdenskrig.</strong></p>



<p>– Jeg er jo egentlig en figurativ maler. Kropp og anatomi, det er det som er mitt fag. Men mange av bildene i denne utstillingen er så store og tunge at jeg har måttet ta med noen andre typer bilder slik at man skal få puste litt, forklarer han.</p>



<p>Han spør om jeg har hørt om Helge Ingstad.</p>



<p>–Det er et portrett av ham, sier han og peker på et stort bilde av en eldre mann bak seg.</p>



<p>–Han var den som fant ut at vikingene oppdaget Amerika femhundre år før Colombus.</p>



<h2 class="wp-block-heading">Himmel og helvete</h2>



<p>Sand er seg veldig bevisst sitt forhold til malerkunsten.</p>



<p>– Henrik Ibsen skrev at det å dikte er å ta opp kampen mot trollet i hjertet og hjernens hvelv. Det kan også malerkunsten gjøre. Som Edvard Munch sa; «med pensel og palett kan man reise til himmel og helvete.» Jeg vil si at etter musikken er maleriet det mest komplekse og rikeste, den mest nyanserte måten å kommunisere på som menneske. At musikken kan ta oss til et annet sted og gripe oss følelsesmessig på&#8230;</p>



<p>Han knipser med fingrene.</p>



<p>– &#8230; veldig kort tid. Det kan maleriet også. Det er en ekstremt høyverdig, subtil måte å kommunisere på som menneske. Derfor kan jeg komme inn i rom i sjelen og psyken som bare musikken kan.</p>



<p>Han stopper opp, tenker seg om et øyeblikk.</p>



<p>– Og også litteraturen og alle andre kunstformer, selvfølgelig, men filmen er et møte mellom alle andre kunstformer, så den kommer veldig, veldig langt inn. Men altså, maleriet har en evne til å formidle sanselighet som få andre kunstarter har.</p>



<p>Han sitter på loftet på Kristiansten Festning. Her forteller han engasjert om den tyske soldaten&nbsp;<a href="https://no.wikipedia.org/wiki/Josef_Schulz-myten" target="_blank" rel="noreferrer noopener">Josef Schultz</a>, som angivelig ofret livet sitt fordi han nektet å drepe gisler. Schultz er en sentral inspirasjonskilde i malerens siste utstilling.</p>



<p>– Jeg har tenkt på hvilke idealer som levde i menneskene jeg har portrettert. Hvis du skal gå i døden for noe, hvilke idealer er det dere skulle kunne gå i døden for? Du er jo et ungt menneske og har hele livet foran deg. Hvis ett eller annet skjedde, og du var villig til å ofre livet – da skal det være ganske store idealer. Hva slags idealer var det som levde inne i hodet på disse unge menneskene i Tyskland? Eller i Europa? Eller her hjemme i Norge? Da vi var okkupert fra førti til førtifem, hva var det vi hadde å stille opp med? Unge mennesker som deg ble skutt rett her nede, sier han og peker ut av vinduet på Kristiansten Festning. Hvorfor ble de skutt, hva var det de ville kjempe for? Vet du det?</p>



<p>– Frihet, svarer jeg litt usikkert.</p>



<h2 class="wp-block-heading">Frihet</h2>



<p>Friheten er noe som betyr mye for Sand. Han sier tanken om det frie mennesket kommer fra grekerne.</p>



<p>– Pave Benedict holdt en berømt tale i Berlin i 2011 hvor han minnet nettopp om de tankene som har formet oss som frie, vestlige mennesker. Vår identitet er formet ut fra tre byer, sa han. Vet dere hvilke byer det er? Den kommer fra Athen, Jerusalem og Roma. Fra Athen har vi fått ideen om demokratiet og den frie filosofien. Fra Jerusalem har vi fått kjærlighetsetikken til Jesus, som er helt revolusjonerende. At alle mennesker er like mye verdt, uansett rase, kjønn eller klasse er suveren humanistisk tankegang. Fra Roma kommer romerretten, altså prinsippene rundt den moderne rettsstaten. Disse impulsene har gjort at vi for et par år siden kunne feire hundreårsjubileum for grunnloven av 1814.</p>



<p>Sand er engasjert, snakker uten pustepause og gestikulerer heftig.</p>



<p>– Andre verdenskrig var en arena hvor alle disse kreftene fikk utspille seg på en helt ufattelig måte, på en skala med konsekvenser for hvordan vi skulle forstå mennesket, politikk, psykologi, legevitenskap. På mange måter ble mennesket funnet opp på nytt. Det å kunne reise inn i dette store feltet, å forsøke å forstå hvordan den vestlige kulturen kunne kollapse så fullstendig midt i Europa, et Europa som hadde født Goethe og Johan Sebastian Bach, det er spørsmål som all kunst og litteratur hele tiden jobber med. Hvert år kommer det store titler om andre verdenskrig. Men det er så å si ikke tatt i av malere. Og det er rart.</p>



<h2 class="wp-block-heading">Nunataker</h2>



<p>Sand tar meg med ned i første etasje. Når han går der nede blant bildene er han overalt, hele tiden.</p>



<p>– Her er et bide fra Antarktis. Det er en fjelltopp som skyter opp av isen, sier han.</p>



<p>Han er i andre enden av rommet nå, og peker på et stort maleri av fjell som ser ut til å gå inn i hverandre, som om det er flere fjell inne i fjell.</p>



<p>– Dette fjellet har vært veldig viktig for meg, og jeg har utviklet flere prosjekter basert på det. Her står jeg altså i Antarktis og maler. Dette fenomenet kalles nunataker. Da jeg kom tilbake til Norge samarbeidet jeg med de som laget åpningsseremonien på Lillehammer under OL i 1994. Vi satte opp ti nunataker bak Frognerseteren i Oslo, og inne i dem stilte jeg ut malerier fra mine tre turer til Antarktis. Så fikk jeg hundre og sytti tusen mennesker opp for å se på dem. Jeg har også laget Keplerstjernen på Gardermoen som består av tjue slike topper, hvor slottet jeg satte opp under OL har blitt til et tårn, sier han stolt.</p>



<p>Sand er, naturlig nok, også opptatt av geometri.</p>



<p>– De tjue pyramidetårnene kommer ut av et såkalt ikos og eder. Dette går tilbake til antikken. Platon beskriver de fem platonske legemene, som sjelen skal ta opp i seg for å heve til sannhet. Stjernen på Gardermoen er altså ikke en hvilken som helst stjerne, det er en Keplerstjerne, for&nbsp;<a href="https://no.wikipedia.org/wiki/Johannes_Kepler" target="_blank" rel="noreferrer noopener">Kepler</a>&nbsp;forsøkte jo å finne det sjette legemet til Platon, altså finne ut om det fantes ett til. Istedet fant han stjernen, sier han.</p>



<p>Som tidligere kunststudent er Sand opptatt av og engasjert i studenter, og vil veldig gjerne at studenter skal komme og se på&nbsp;<a href="http://dusken.no/artikkel/25444/champagne-pa-festningen/" target="_blank" rel="noreferrer noopener">utstillingen</a>.</p>



<p>– Første gang jeg hadde samlet opp penger til interrailbillett var jeg seksten år gammel, og da reiste jeg nedover i Europa for å se billedkunst. Jeg ville se&nbsp;<a href="https://no.wikipedia.org/wiki/Michelangelo" target="_blank" rel="noreferrer noopener">Michelangelo</a>,&nbsp;<a href="https://no.wikipedia.org/wiki/Rafael" target="_blank" rel="noreferrer noopener">Rafael</a>, og&nbsp;<a href="https://en.wikipedia.org/wiki/Peter_Paul_Rubens" target="_blank" rel="noreferrer noopener">Rubens</a>&nbsp;«live». Det å komme og se på penselstrøkene, for så å kunne ta skritt tilbake&#8230; billedkunst er jo noe som skal ses på veldig sakte. Moderne mennesker ser jo tusener, millioner av bilder hver dag, for eksempel på nettet. De fleste er bilder som er laget veldig fort og som forsvinner veldig fort. Men de bildene dere ser rundt dere her er bilder som er laget veldig sakte, og noen av dem har tatt opp til år å lage. De skal man ta inn veldig sakte. Derfor kommuniserer kunst og maleri på en helt annen måte enn andre typer bilder, avslutter han.</p>

<p>Maleren Vebjørn Sand er aktuell med utstillingen «Individets valg,» og forsøker å forstå hvorfor ting ble som de ble under andre verdenskrig. – Jeg er&#8230;</p>
<div class="more-link-wrapper"><a class="more-link" href="http://matsvederhus.com/no/the-reflective-painter/">Continue reading<span class="screen-reader-text">Den tenkende maleren</span></a></div>
