{"id":1373,"date":"2021-07-08T15:27:32","date_gmt":"2021-07-08T13:27:32","guid":{"rendered":"http:\/\/matsvederhus.com\/?p=1373"},"modified":"2021-09-24T14:33:21","modified_gmt":"2021-09-24T12:33:21","slug":"came-out-of-the-klassekampen-academy-has-a-job-in-two-newspapers","status":"publish","type":"page","link":"http:\/\/matsvederhus.com\/no\/came-out-of-the-klassekampen-academy-has-a-job-in-two-newspapers\/","title":{"rendered":"Gikk ut av Klassekampen-akademiet: Har f\u00e5tt jobb i to aviser"},"content":{"rendered":"\n<p><strong>Etter sommerjobb i Klassekampen er Ingrid Elida Karo Johansen klar for Aftenposten.<\/strong><\/p>\n\n\n\n<figure class=\"wp-block-image size-large\"><img loading=\"lazy\" decoding=\"async\" width=\"1024\" height=\"682\" src=\"http:\/\/matsvederhus.com\/wp-content\/uploads\/2021\/07\/469256-1024x682.jpg\" alt=\"\" class=\"wp-image-1374\" srcset=\"http:\/\/matsvederhus.com\/wp-content\/uploads\/2021\/07\/469256-1024x682.jpg 1024w, http:\/\/matsvederhus.com\/wp-content\/uploads\/2021\/07\/469256-300x200.jpg 300w, http:\/\/matsvederhus.com\/wp-content\/uploads\/2021\/07\/469256-768x511.jpg 768w, http:\/\/matsvederhus.com\/wp-content\/uploads\/2021\/07\/469256.jpg 1068w\" sizes=\"auto, (max-width: 1024px) 100vw, 1024px\" \/><figcaption>Ingrid Elida Karo Johansen i Klassekampens lokaler. Foto: Morgane Fauconnier.<\/figcaption><\/figure>\n\n\n\n<p>Ingrid Elida Karo Johansen&nbsp;ser p\u00e5 seg selv som veldig heldig.<\/p>\n\n\n\n<p>Nylig fullf\u00f8rte hun Klassekampen-akademiet, og sikret seg sommerjobb i utenriksavdelingen i avisen.<\/p>\n\n\n\n<p>Like etter fikk hun tilbud om jobb som redaksjonsassistent i Aftenposten.<\/p>\n\n\n\n<p>\u2013 Da sa jeg at \u00abdet vil jeg gjerne gj\u00f8re, men bare s\u00e5 dere vet det skal jeg jobbe i Klassekampen i sommer\u00bb, forteller Johansen.<\/p>\n\n\n\n<p>\u2013 Jeg jobber ikke samtidig i redaksjonene, det er avgrenset i tid. Jeg er veldig takknemlig for at jeg har blitt sluppet inn i varmen, men har egentlig veldig lite erfaring. Jeg f\u00f8ler at jeg er i litt ukjent farvann, men er veldig glad for at jeg f\u00e5r pr\u00f8vd meg, forteller 21-\u00e5ringen.<\/p>\n\n\n\n<p>Hun synes det er kjempespennende \u00e5 ha muligheten til \u00e5 jobbe for to redaksjoner.<\/p>\n\n\n\n<p>\u2013 Det er veldig kult \u00e5 se hvordan man jobber forskjellig. Fordelene er at man f\u00e5r pr\u00f8vd seg litt forskjellig, blir kjent med litt ulike redaksjoner.<\/p>\n\n\n\n<h3 class=\"wp-block-heading\">\u2013 L\u00e6rt meg \u00e5 ha deadline<\/h3>\n\n\n\n<p><a href=\"https:\/\/klassekampen.no\/side\/klassekampen-akademiet\">Klassekampen-akademiet<\/a>&nbsp;er et samlingsbasert oppl\u00e6ringsl\u00f8p for dem som har lyst til \u00e5 delta mer i samfunnsdebatten eller \u00f8nsker \u00e5 bli journalist.<\/p>\n\n\n\n<p>Johansen har deltatt p\u00e5 akademiet samtidig som hun er f\u00f8rste\u00e5rs journalistikkstudent ved Oslo Met.<\/p>\n\n\n\n<p>\u2013 Det var skikkelig fint \u00e5 bli kjent med s\u00e5 mange engasjerte og kloke mennesker. Vi hadde ogs\u00e5 mange flinke forelesere, journalister og forfattere som pratet med oss og foreleste, sier hun.<\/p>\n\n\n\n<p>De fikk ogs\u00e5 mulighet til \u00e5 publisere ulike ting i avisen.<\/p>\n\n\n\n<p>\u2013 Det var veldig fint \u00e5 f\u00e5 god veiledning p\u00e5 hvordan man skal skrive ulike tekster, s\u00e5 jeg er veldig takknemlig for at jeg fikk lov til \u00e5 oppleve det. Det har v\u00e6rt litt amputert p\u00e5 grunn av pandemien, s\u00e5 halvparten av forelesningene har v\u00e6rt digitale. Det har v\u00e6rt litt synd \u00e5 ikke f\u00e5 v\u00e6re p\u00e5 huset s\u00e5 mye, men alt i alt er jeg veldig forn\u00f8yd.<\/p>\n\n\n\n<p>Johansen har opplevd \u00e5 bli kastet ut i arbeidsoppgavene, noe hun har satt veldig pris p\u00e5.<\/p>\n\n\n\n<p>\u2013 Jeg har l\u00e6rt meg \u00e5 ha en deadline kl 14, og \u00e5 skulle skrive ferdig f\u00f8r det. \u00c5 kjenne p\u00e5 pulsen er nok en l\u00e6rdom jeg kommer til \u00e5 ta med meg videre. P\u00e5 studiet har vi ogs\u00e5 en del praksis, og vi har f\u00e5tt \u00f8vd oss der, men ikke i samme grad som her. Det er n\u00e5r man blir kastet ut i det at man f\u00e5r l\u00e6rt mest, har jeg f\u00f8lt p\u00e5.<\/p>\n\n\n\n<h3 class=\"wp-block-heading\">Journalistdr\u00f8mmen<\/h3>\n\n\n\n<p>Men i lengden er jo dr\u00f8mmen for en journalist \u00e5 ha en fast stilling, mener Johansen.<\/p>\n\n\n\n<p>\u2013 S\u00e5 ideelt sett s\u00e5 skulle jeg gjerne jobbet ett sted over lang tid. Men n\u00e5r man er student uten s\u00e5 mye erfaring m\u00e5 man p\u00e5 en m\u00e5te bare ta litt her og der.<\/p>\n\n\n\n<p>Som journaliststudent er hun opptatt av faste ansettelser.<\/p>\n\n\n\n<p>\u2013 Vi blir drillet p\u00e5 studiet om at vi m\u00e5 forberede oss p\u00e5 vikariat og midlertidige stillinger. Det er interessant at det alltid blir store overskrifter hver gang en journalist f\u00e5r en fast ansettelse.<\/p>\n\n\n\n<h3 class=\"wp-block-heading\">Pressefrihet<\/h3>\n\n\n\n<p>Som utenriksjournalist i Klassekampen er hun veldig opptatt av journalister rundt om i verden som ikke har den pressefriheten vi har.<\/p>\n\n\n\n<p>\u2013 Vi er ganske heldige som kan skrive uten \u00e5 bli sensurert.<\/p>\n\n\n\n<p>Johansen er ogs\u00e5 opptatt av mangfold.<\/p>\n\n\n\n<p>\u2013 Jeg har samtidig ikke m\u00f8tt s\u00e5 mange med ulike nasjonaliteter, s\u00e5 jeg synes det er veldig bra n\u00e5r Schibsted, for eksempel, arrangerer trainee-programmer for mennesker med minoritetsbakgrunn.<\/p>\n\n\n\n<h3 class=\"wp-block-heading\">Vil rapportere fra Midt\u00f8sten<\/h3>\n\n\n\n<p>Av alle saksomr\u00e5dene hun potensielt kunne dekket, er det utenriks hun liker aller best.<\/p>\n\n\n\n<p>\u2013 Jeg har v\u00e6rt veldig heldig som f\u00e5r lov til \u00e5 jobbe med det her hos Klassekampen. Jeg har nok mest interesse for Midt\u00f8sten, Israel og Palestina, og har ogs\u00e5 f\u00e5tt skrevet en del om det her. Jeg kunne gjerne v\u00e6rt i Israel og Palestina og rapportert derfra, sier Johansen.<\/p>\n\n\n\n<p>Av alle sakene hun har skrevet s\u00e5 langt er det hennes f\u00f8rste sak for utenriksredaksjonen i Klassekampen som har gjort mest inntrykk.<\/p>\n\n\n\n<p>\u2013 Da skrev jeg om en familiegjenforeningslov som er oppe i Israels nasjonalforsamling Knesset. Det er en midlertidig lov som ble vedtatt i 2003, og siden da har den blitt fornyet og fornyet.<\/p>\n\n\n\n<p>N\u00e5 er den oppe til behandling igjen.<\/p>\n\n\n\n<p>\u2013 Det er interessant i seg selv, men i forbindelse med den saken kom jeg ogs\u00e5 i kontakt med en familie som lever under denne loven og lever i frykt for at deres palestinske mor blir n\u00f8dt til \u00e5 dra til Vestbredden og forlate barna og mannen som har israelsk statsborgerskap.<\/p>\n\n\n\n<p>Det var noe r\u00f8rende og fint over \u00e5 m\u00f8te familien p\u00e5 Skype, syntes hun.<\/p>\n\n\n\n<p>\u2013 F\u00f8rst skulle jeg egentlig bare snakke med faren og moren om deres situasjon, men s\u00e5 dukket barna ogs\u00e5 opp og fortalte om deres situasjon. Jeg liker veldig godt de sakene hvor man kommer n\u00e6r de personene det gjelder.<\/p>\n","protected":false},"excerpt":{"rendered":"<p>Etter sommerjobb i Klassekampen er Ingrid Elida Karo Johansen klar for Aftenposten. Ingrid Elida Karo Johansen&nbsp;ser p\u00e5 seg selv som veldig heldig. Nylig fullf\u00f8rte hun&#8230;<\/p>\n<div class=\"more-link-wrapper\"><a class=\"more-link\" href=\"http:\/\/matsvederhus.com\/no\/came-out-of-the-klassekampen-academy-has-a-job-in-two-newspapers\/\">Continue reading<span class=\"screen-reader-text\">Gikk ut av Klassekampen-akademiet: Har f\u00e5tt jobb i to aviser<\/span><\/a><\/div>\n","protected":false},"author":1,"featured_media":0,"parent":0,"menu_order":0,"comment_status":"open","ping_status":"open","template":"","meta":{"footnotes":""},"class_list":["post-1373","page","type-page","status-publish","hentry","entry"],"translation":{"provider":"WPGlobus","version":"3.0.0","language":"no","enabled_languages":["en","ru","no"],"languages":{"en":{"title":true,"content":true,"excerpt":false},"ru":{"title":false,"content":false,"excerpt":false},"no":{"title":true,"content":true,"excerpt":false}}},"_links":{"self":[{"href":"http:\/\/matsvederhus.com\/no\/wp-json\/wp\/v2\/pages\/1373","targetHints":{"allow":["GET"]}}],"collection":[{"href":"http:\/\/matsvederhus.com\/no\/wp-json\/wp\/v2\/pages"}],"about":[{"href":"http:\/\/matsvederhus.com\/no\/wp-json\/wp\/v2\/types\/page"}],"author":[{"embeddable":true,"href":"http:\/\/matsvederhus.com\/no\/wp-json\/wp\/v2\/users\/1"}],"replies":[{"embeddable":true,"href":"http:\/\/matsvederhus.com\/no\/wp-json\/wp\/v2\/comments?post=1373"}],"version-history":[{"count":2,"href":"http:\/\/matsvederhus.com\/no\/wp-json\/wp\/v2\/pages\/1373\/revisions"}],"predecessor-version":[{"id":1377,"href":"http:\/\/matsvederhus.com\/no\/wp-json\/wp\/v2\/pages\/1373\/revisions\/1377"}],"wp:attachment":[{"href":"http:\/\/matsvederhus.com\/no\/wp-json\/wp\/v2\/media?parent=1373"}],"curies":[{"name":"wp","href":"https:\/\/api.w.org\/{rel}","templated":true}]}}

Gikk ut av Klassekampen-akademiet: Har fått jobb i to aviser

<p><strong>Etter sommerjobb i Klassekampen er Ingrid Elida Karo Johansen klar for Aftenposten.</strong></p>



<figure class="wp-block-image size-large"><img loading="lazy" decoding="async" width="1024" height="682" src="http://matsvederhus.com/wp-content/uploads/2021/07/469256-1024x682.jpg" alt="" class="wp-image-1374" srcset="http://matsvederhus.com/wp-content/uploads/2021/07/469256-1024x682.jpg 1024w, http://matsvederhus.com/wp-content/uploads/2021/07/469256-300x200.jpg 300w, http://matsvederhus.com/wp-content/uploads/2021/07/469256-768x511.jpg 768w, http://matsvederhus.com/wp-content/uploads/2021/07/469256.jpg 1068w" sizes="auto, (max-width: 1024px) 100vw, 1024px" /><figcaption>Ingrid Elida Karo Johansen i Klassekampens lokaler. Foto: Morgane Fauconnier.</figcaption></figure>



<p>Ingrid Elida Karo Johansen&nbsp;ser på seg selv som veldig heldig.</p>



<p>Nylig fullførte hun Klassekampen-akademiet, og sikret seg sommerjobb i utenriksavdelingen i avisen.</p>



<p>Like etter fikk hun tilbud om jobb som redaksjonsassistent i Aftenposten.</p>



<p>– Da sa jeg at «det vil jeg gjerne gjøre, men bare så dere vet det skal jeg jobbe i Klassekampen i sommer», forteller Johansen.</p>



<p>– Jeg jobber ikke samtidig i redaksjonene, det er avgrenset i tid. Jeg er veldig takknemlig for at jeg har blitt sluppet inn i varmen, men har egentlig veldig lite erfaring. Jeg føler at jeg er i litt ukjent farvann, men er veldig glad for at jeg får prøvd meg, forteller 21-åringen.</p>



<p>Hun synes det er kjempespennende å ha muligheten til å jobbe for to redaksjoner.</p>



<p>– Det er veldig kult å se hvordan man jobber forskjellig. Fordelene er at man får prøvd seg litt forskjellig, blir kjent med litt ulike redaksjoner.</p>



<h3 class="wp-block-heading">– Lært meg å ha deadline</h3>



<p><a href="https://klassekampen.no/side/klassekampen-akademiet">Klassekampen-akademiet</a>&nbsp;er et samlingsbasert opplæringsløp for dem som har lyst til å delta mer i samfunnsdebatten eller ønsker å bli journalist.</p>



<p>Johansen har deltatt på akademiet samtidig som hun er førsteårs journalistikkstudent ved Oslo Met.</p>



<p>– Det var skikkelig fint å bli kjent med så mange engasjerte og kloke mennesker. Vi hadde også mange flinke forelesere, journalister og forfattere som pratet med oss og foreleste, sier hun.</p>



<p>De fikk også mulighet til å publisere ulike ting i avisen.</p>



<p>– Det var veldig fint å få god veiledning på hvordan man skal skrive ulike tekster, så jeg er veldig takknemlig for at jeg fikk lov til å oppleve det. Det har vært litt amputert på grunn av pandemien, så halvparten av forelesningene har vært digitale. Det har vært litt synd å ikke få være på huset så mye, men alt i alt er jeg veldig fornøyd.</p>



<p>Johansen har opplevd å bli kastet ut i arbeidsoppgavene, noe hun har satt veldig pris på.</p>



<p>– Jeg har lært meg å ha en deadline kl 14, og å skulle skrive ferdig før det. Å kjenne på pulsen er nok en lærdom jeg kommer til å ta med meg videre. På studiet har vi også en del praksis, og vi har fått øvd oss der, men ikke i samme grad som her. Det er når man blir kastet ut i det at man får lært mest, har jeg følt på.</p>



<h3 class="wp-block-heading">Journalistdrømmen</h3>



<p>Men i lengden er jo drømmen for en journalist å ha en fast stilling, mener Johansen.</p>



<p>– Så ideelt sett så skulle jeg gjerne jobbet ett sted over lang tid. Men når man er student uten så mye erfaring må man på en måte bare ta litt her og der.</p>



<p>Som journaliststudent er hun opptatt av faste ansettelser.</p>



<p>– Vi blir drillet på studiet om at vi må forberede oss på vikariat og midlertidige stillinger. Det er interessant at det alltid blir store overskrifter hver gang en journalist får en fast ansettelse.</p>



<h3 class="wp-block-heading">Pressefrihet</h3>



<p>Som utenriksjournalist i Klassekampen er hun veldig opptatt av journalister rundt om i verden som ikke har den pressefriheten vi har.</p>



<p>– Vi er ganske heldige som kan skrive uten å bli sensurert.</p>



<p>Johansen er også opptatt av mangfold.</p>



<p>– Jeg har samtidig ikke møtt så mange med ulike nasjonaliteter, så jeg synes det er veldig bra når Schibsted, for eksempel, arrangerer trainee-programmer for mennesker med minoritetsbakgrunn.</p>



<h3 class="wp-block-heading">Vil rapportere fra Midtøsten</h3>



<p>Av alle saksområdene hun potensielt kunne dekket, er det utenriks hun liker aller best.</p>



<p>– Jeg har vært veldig heldig som får lov til å jobbe med det her hos Klassekampen. Jeg har nok mest interesse for Midtøsten, Israel og Palestina, og har også fått skrevet en del om det her. Jeg kunne gjerne vært i Israel og Palestina og rapportert derfra, sier Johansen.</p>



<p>Av alle sakene hun har skrevet så langt er det hennes første sak for utenriksredaksjonen i Klassekampen som har gjort mest inntrykk.</p>



<p>– Da skrev jeg om en familiegjenforeningslov som er oppe i Israels nasjonalforsamling Knesset. Det er en midlertidig lov som ble vedtatt i 2003, og siden da har den blitt fornyet og fornyet.</p>



<p>Nå er den oppe til behandling igjen.</p>



<p>– Det er interessant i seg selv, men i forbindelse med den saken kom jeg også i kontakt med en familie som lever under denne loven og lever i frykt for at deres palestinske mor blir nødt til å dra til Vestbredden og forlate barna og mannen som har israelsk statsborgerskap.</p>



<p>Det var noe rørende og fint over å møte familien på Skype, syntes hun.</p>



<p>– Først skulle jeg egentlig bare snakke med faren og moren om deres situasjon, men så dukket barna også opp og fortalte om deres situasjon. Jeg liker veldig godt de sakene hvor man kommer nær de personene det gjelder.</p>

<p>Etter sommerjobb i Klassekampen er Ingrid Elida Karo Johansen klar for Aftenposten. Ingrid Elida Karo Johansen&nbsp;ser på seg selv som veldig heldig. Nylig fullførte hun&#8230;</p>
<div class="more-link-wrapper"><a class="more-link" href="http://matsvederhus.com/no/came-out-of-the-klassekampen-academy-has-a-job-in-two-newspapers/">Continue reading<span class="screen-reader-text">Gikk ut av Klassekampen-akademiet: Har fått jobb i to aviser</span></a></div>
